{"id":538,"date":"2017-08-22T12:23:48","date_gmt":"2017-08-22T10:23:48","guid":{"rendered":"http:\/\/zerog.physik.uni-greifswald.de\/?page_id=538"},"modified":"2025-11-14T12:23:55","modified_gmt":"2025-11-14T11:23:55","slug":"datenschutz","status":"publish","type":"page","link":"https:\/\/zerog.physik.uni-greifswald.de\/?page_id=538","title":{"rendered":"Datenschutz"},"content":{"rendered":"\n<h3 class=\"wp-block-heading\">Datenschutzerkl\u00e4rung<\/h3>\n\n\n\n<p class=\"bodytext\">Wir verarbeiten personenbezogene Daten, die beim Besuch unserer Website erhoben werden, unter Beachtung der geltenden datenschutzrechtlichen Bestimmungen, insbesondere der EU-Datenschutz-Grundverordnung (DSGVO) und des Landesdatenschutzgesetzes Mecklenburg-Vorpommern (DSG M-V).<\/p>\n\n\n\n<p class=\"bodytext\">Der Verantwortliche im Sinne der Datenschutz-Grundverordnung und anderer nationaler Datenschutzgesetze der Mitgliedsstaaten sowie sonstiger datenschutzrechtlicher Bestimmungen ist die:<\/p>\n\n\n\n<p class=\"bodytext\">Universit\u00e4t Greifswald<br>Gesetzlich vertreten durch die Rektorin, Prof. Dr. Katharina Riedel<em>,<\/em><br>Domstra\u00dfe 11, 17489 Greifswald<br>Telefon: +49 3834 420 0<br>Email: rektorin(at)uni-greifswald(dot)de<\/p>\n\n\n\n<p class=\"bodytext\"><strong>Rechtsgrundlagen<\/strong><\/p>\n\n\n\n<p class=\"bodytext\">Soweit f\u00fcr die Verarbeitung personenbezogener Daten (z.B. Anfragen per E-Mail, Kommentarfunktion, Nutzeraccounts, Ver\u00f6ffentlichung von Personenfotos usw.) eine Einwilligung der betroffenen Person erforderlich ist, dient Art. 6 Abs. 1 lit. a DSGVO als Rechtsgrundlage.<\/p>\n\n\n\n<p><strong>Speicherdauer<\/strong><\/p>\n\n\n\n<p>Die L\u00f6schung der personenbezogenen Daten erfolgt umgehend, sobald der Zweck der Verarbeitung entf\u00e4llt. Dies ist bspw. bei Anfragen nach Beantwortung der Anfrage, bei Nutzeraccounts, Kommentaren und Personenfotos die Einstellung dieser Website.<\/p>\n\n\n\n<p class=\"bodytext\"><strong>Protokollierung<\/strong><\/p>\n\n\n\n<p class=\"bodytext\">Bei jedem Zugriff auf unsere Website werden zum Zwecke der Datensicherheit und zu statistischen Zwecken folgende Daten in Protokolldateien gespeichert:<\/p>\n\n\n\n<ul class=\"wp-block-list\">\n<li>IP-Adresse,<\/li>\n\n\n\n<li>Zeitpunkt des Zugriffs,<\/li>\n\n\n\n<li>UserAgent (verwendeter Browser und genutztes Betriebssystem),<\/li>\n\n\n\n<li>aufgerufene Seiten- bzw. Inhaltselemente und<\/li>\n\n\n\n<li>sofern mitgeliefert Referrer URL (die zuvor besuchte Seite).<\/li>\n<\/ul>\n\n\n\n<p class=\"bodytext\">Zweck der Protokollierung ist die Erkennung, Eingrenzung und Beseitigung von St\u00f6rungen sowie die Aufdeckung von Missbrauch gem. \u00a7 12 Abs. 1 und 4 TDDDG. Eine Zusammenf\u00fchrung der IP-Adresse mit anderen Datenbest\u00e4nden erfolgt nicht. Die Daten werden maximal sieben Tage gespeichert, danach werden sie in anonymisierter Form weiter aufbewahrt.&nbsp;<\/p>\n\n\n\n<p class=\"bodytext\"><strong>Cookies<\/strong><\/p>\n\n\n\n<p class=\"bodytext\">Beim Besuch unserer Website werden sogenannte \u201eSession-Cookies\u201c auf Ihrem Rechner abgelegt und gespeichert. Rechtsgrundlage ist \u00a7 25 Abs. 2 TDDDG. Cookies sind kleine Textdateien, die dazu dienen, das Internetangebot nutzerfreundlicher, effektiver und sicherer zu machen. Sie richten auf Ihrem Rechner keinen Schaden an und enthalten keine Viren. In der Regel werden Session-Cookies nach Ende Ihres Besuches automatisch gel\u00f6scht. Sie haben die M\u00f6glichkeit durch entsprechende Einstellungen in Ihrem Browser das Speichern von Cookies zu deaktivieren. Bitte beachten Sie, dass Sie durch die Deaktivierung gegebenenfalls nicht alle Funktionen unserer Website vollumf\u00e4nglich nutzen k\u00f6nnen.<\/p>\n\n\n\n<p><strong>Registrierung<\/strong><\/p>\n\n\n\n<p>F\u00fcr den Zugang zu unserem gesch\u00fctzten Bereich der Website ist eine Registrierung erforderlich. Diese erfolgt auf explizite Anfrage des Nutzers per E-Mail. Mit Absenden der E-Mail erfolgt die Einwilligung in die Verarbeitung Ihrer personenbezogenen Daten gem. dieser Datenschutzhinweise. Im Rahmen der Registrierung werden folgende personenbezogene Daten verarbeitet: Vorname, Name, Benutzername, E-Mail-Adresse. Ihre Daten werden ausschlie\u00dflich f\u00fcr die Zwecke unseres Projekts genutzt. Eine Nutzung dieser Daten zu anderen Zwecke erfolgt nicht. Sie k\u00f6nnen Ihren Account jederzeit l\u00f6schen.<\/p>\n\n\n\n<p><strong>Kommentarfunktion<\/strong><\/p>\n\n\n\n<p>Sofern Sie Kommentierungen zu Beitr\u00e4gen auf dieser Website vornehmen, sind Ihr in dem Formular eingetragener Name, Ihr Kommentar sowie Ihre Webseite (sofern angegeben) \u00f6ffentlich sichtbar. Mit Absenden des Formulars erfolgt die Einwilligung in die Verarbeitung Ihrer personenbezogenen Daten gem. dieser Datenschutzhinweise.<\/p>\n\n\n\n<p><strong>Empf\u00e4nger<\/strong><\/p>\n\n\n\n<p>Empf\u00e4nger Ihrer personenbezogenen Daten sind die zust\u00e4ndigen Mitarbeitenden des Instituts f\u00fcr Physik der Universit\u00e4t Greifswald. Die Kontaktdaten finden Sie am Ende dieser Seite.<\/p>\n\n\n\n<p><a><\/a> Wir weisen darauf hin, dass im Internet ver\u00f6ffentlichte Informationen von beliebigen Personen abgerufen werden k\u00f6nnen. Es kann trotz aller technischer Vorkehrungen nicht ausgeschlossen werden, dass solche Personen die Inhalte weiterverwenden oder an andere Personen weitergeben.<\/p>\n\n\n\n<p class=\"bodytext\"><strong>Ihre Rechte<\/strong><\/p>\n\n\n\n<p class=\"bodytext\">Sie haben das Recht, eine erteilte Einwilligung in die Erhebung personenbezogener Daten jederzeit und ohne Angaben von Gr\u00fcnden mit Wirkung f\u00fcr die Zukunft schriftlich gegen\u00fcber der Universit\u00e4t Greifswald, Institut f\u00fcr Physik, Felix-Hausdorff-Str. 6, 17489 Greifswald oder per E-Mail an info(at)physik(dot)uni-greifswald(dot)de zu widerrufen.<\/p>\n\n\n\n<p class=\"bodytext\">Dar\u00fcber hinaus haben Sie das Recht, auf Antrag unentgeltliche Auskunft \u00fcber Ihre gespeicherten personenbezogenen Daten, deren Herkunft und Empf\u00e4nger, den Zweck und die Dauer der Datenverarbeitung zu erhalten. Zus\u00e4tzlich haben Sie unter bestimmten Voraussetzungen das Recht auf Berichtigung, auf Einschr\u00e4nkung der Verarbeitung (z. B. Sperrung), auf L\u00f6schung sowie auf Daten\u00fcbertragbarkeit Ihrer Daten.<\/p>\n\n\n\n<p class=\"bodytext\">Ferner haben Sie das Recht, bei der zust\u00e4ndigen Aufsichtsbeh\u00f6rde f\u00fcr den Datenschutz eine Beschwerde einzureichen, wenn Sie der Ansicht sind, dass die Verarbeitung Ihrer personenbezogenen Daten nicht rechtm\u00e4\u00dfig erfolgt. Zust\u00e4ndige Aufsichtsbeh\u00f6rde ist:<\/p>\n\n\n\n<p>Der Landesbeauftragte f\u00fcr Datenschutz und Informationsfreiheit Mecklenburg-Vorpommern<br>Werderstra\u00dfe 74a, 19055 Schwerin<br>Telefon: +49 385 59494 0<br>E-Mail: info(at)datenschutz-mv(dot)de<\/p>\n\n\n\n<p class=\"bodytext\">Bei Fragen zum Datenschutz k\u00f6nnen Sie sich an die beh\u00f6rdliche Datenschutzbeauftragte der Universit\u00e4t wenden.<\/p>\n\n\n\n<p class=\"bodytext\"><strong>Beh\u00f6rdliche Datenschutzbeauftragte<\/strong><\/p>\n\n\n\n<p>SIS &#8211; Schweriner IT- und Servicegesellschaft mbH<br>Eckdrift 93, 19061 Schwerin<br>E-Mail: datenschuetzer(at)uni-greifswald(dot)de<\/p>\n\n\n\n<p><em>Ansprechpartnerin:<\/em><br>Frau Dominique Kandzia<br>Telefon: +49 385 20092 1218<\/p>\n\n\n\n<p><strong>Kontakt<\/strong><\/p>\n\n\n\n<p>Universit\u00e4t Greifswald<br>Institut f\u00fcr Physik<br>Felix-Hausdorff-Str. 6, 17489 Greifswald<br>E-Mail: info(at)physik(dot)uni-greifswald(dot)de<\/p>\n","protected":false},"excerpt":{"rendered":"<p>Datenschutzerkl\u00e4rung Wir verarbeiten personenbezogene Daten, die beim Besuch unserer Website erhoben werden, unter Beachtung der geltenden datenschutzrechtlichen Bestimmungen, insbesondere der EU-Datenschutz-Grundverordnung (DSGVO) und des Landesdatenschutzgesetzes Mecklenburg-Vorpommern (DSG M-V). Der Verantwortliche im Sinne der Datenschutz-Grundverordnung und anderer nationaler Datenschutzgesetze der Mitgliedsstaaten sowie sonstiger datenschutzrechtlicher Bestimmungen ist die: Universit\u00e4t GreifswaldGesetzlich vertreten durch die Rektorin, Prof. Dr. Katharina &hellip; <a href=\"https:\/\/zerog.physik.uni-greifswald.de\/?page_id=538\" class=\"more-link\"><span class=\"screen-reader-text\">Datenschutz<\/span> weiterlesen <span class=\"meta-nav\">&rarr;<\/span><\/a><\/p>\n","protected":false},"author":1,"featured_media":0,"parent":0,"menu_order":7,"comment_status":"closed","ping_status":"closed","template":"","meta":{"footnotes":""},"class_list":["post-538","page","type-page","status-publish","hentry"],"_links":{"self":[{"href":"https:\/\/zerog.physik.uni-greifswald.de\/index.php?rest_route=\/wp\/v2\/pages\/538","targetHints":{"allow":["GET"]}}],"collection":[{"href":"https:\/\/zerog.physik.uni-greifswald.de\/index.php?rest_route=\/wp\/v2\/pages"}],"about":[{"href":"https:\/\/zerog.physik.uni-greifswald.de\/index.php?rest_route=\/wp\/v2\/types\/page"}],"author":[{"embeddable":true,"href":"https:\/\/zerog.physik.uni-greifswald.de\/index.php?rest_route=\/wp\/v2\/users\/1"}],"replies":[{"embeddable":true,"href":"https:\/\/zerog.physik.uni-greifswald.de\/index.php?rest_route=%2Fwp%2Fv2%2Fcomments&post=538"}],"version-history":[{"count":24,"href":"https:\/\/zerog.physik.uni-greifswald.de\/index.php?rest_route=\/wp\/v2\/pages\/538\/revisions"}],"predecessor-version":[{"id":2415,"href":"https:\/\/zerog.physik.uni-greifswald.de\/index.php?rest_route=\/wp\/v2\/pages\/538\/revisions\/2415"}],"wp:attachment":[{"href":"https:\/\/zerog.physik.uni-greifswald.de\/index.php?rest_route=%2Fwp%2Fv2%2Fmedia&parent=538"}],"curies":[{"name":"wp","href":"https:\/\/api.w.org\/{rel}","templated":true}]}}